usands digit of 39234?
3
What is the thousands digit of 3656?
3
What is the hundreds digit of 6178?
1
What is the hundreds digit of 111?
1
What is the thousands digit of 7996?
7
What is the units digit of 2193?
3
What is the tens digit of 6237?
3
What is the units digit of 3761?
1
What is the units digit of 22530?
0
What is the units digit of 1521?
1
What is the hundreds digit of 4527?
5
What is the hundreds digit of 459?
4
What is the units digit of 4844?
4
What is the hundreds digit of 26976?
9
What is the tens digit of 33760?
6
What is the ten thousands digit of 33705?
3
What is the tens digit of 43770?
7
What is the hundreds digit of 531?
5
What is the hundreds digit of 23406?
4
What is the units digit of 56544?
4
What is the ten thousands digit of 34183?
3
What is the thousands digit of 5055?
5
What is the thousands digit of 1120?
1
What is the units digit of 5677?
7
What is the tens digit of 5146?
4
What is the units digit of 780?
0
What is the units digit of 101223?
3
What is the tens digit of 3455?
5
What is the thousands digit of 15060?
5
What is the units digit of 359?
9
What is the units digit of 66?
6
What is the thousands digit of 4671?
4
What is the thousands digit of 125886?
5
What is the units digit of 1095?
5
What is the hundreds digit of 13921?
9
What is the tens digit of 404?
0
What is the hundreds digit of 335?
3
What is the units digit of 118048?
8
What is the tens digit of 10208?
0
What is the units digit of 3347?
7
What is the tens digit of 274?
7
What is the units digit of 2954?
4
What is the hundreds digit of 146774?
7
What is the units digit of 6575?
5
What is the hundreds digit of 128?
1
What is the thousands digit of 17835?
7
What is the thousands digit of 48874?
8
What is the units digit of 6719?
9
What is the hundreds digit of 9726?
7
What is the units digit of 962?
2
What is the thousands digit of 17172?
7
What is the units digit of 2326?
6
What is the units digit of 17710?
0
What is the units digit of 832?
2
What is the tens digit of 447?
4
What is the tens digit of 1813?
1
What is the tens digit of 4696?
9
What is the tens digit of 18737?
3
What is the thousands digit of 30922?
0
What is the hundreds digit of 92043?
0
What is the units digit of 7093?
3
What is the tens digit of 230?
3
What is the hundreds digit of 472?
4
What is the tens digit of 77549?
4
What is the hundreds digit of 23259?
2
What is the tens digit of 8354?
5
What is the tens digit of 15908?
0
What is the hundreds digit of 152540?
5
What is the hundreds digit of 4764?
7
What is the units digit of 6616?
6
What is the hundreds digit of 1583?
5
What is the hundreds digit of 1511?
5
What is the hundreds digit of 53021?
0
What is the tens digit of 288?
8
What is the thousands digit of 2183?
2
What is the tens digit of 84290?
9
What is the thousands digit of 122895?
2
What is the hundreds digit of 10287?
2
What is the tens digit of 2185?
8
What is the ten thousands digit of 16209?
1
What is the units digit of 1555?
5
What is the units digit of 1850?
0
What is the thousands digit of 72936?
2
What is the units digit of 1326?
6
What is the hundreds digit of 1307?
3
What is the hundreds digit of 24254?
2
What is the ten thousands digit of 44866?
4
What is the ten thousands digit of 53071?
5
What is the thousands digit of 8459?
8
What is the hundreds digit of 32507?
5
What is the ten thousands digit of 10394?
1
What is the tens digit of 9634?
3
What is the units digit of 46477?
7
What is the thousands digit of 88796?
8
What is the units digit of 5411?
1
What is the tens digit of 530?
3
What is the units digit of 61?
1
What is the ten thousands digit of 24827?
2
What is the tens digit of 5189?
8
What is the ten thousands digit of 13721?
1
What is the thousands digit of 2491?
2
What is the units digit of 14908?
8
What is the thousands digit of 6230?
6
What is the thousands digit of 2956?
2
What is the units digit of 30760?
0
What is the hundreds digit of 1615?
6
What is the units digit of 484?
4
What is the hundreds digit of 24570?
5
What is the units digit of 730?
0
What is the hundreds digit of 2852?
8
What is the thousands digit of 9758?
9
What is the hundreds digit of 389?
3
What is the ten thousands digit of 66145?
6
What is the tens digit of 10597?
9
What is the hundreds digit of 695?
6
What is the units digit of 4?
4
What is the thousands digit of 11338?
1
What is the thousands digit of 6916?
6
What is the thousands digit of 4268?
4
What is the units digit of 2042?
2
What is the hundreds digit of 24583?
5
What is the tens digit of 165?
6
What is the tens digit of 4440?
4
What is the hundreds digit of 50406?
4
What is the units digit of 656?
6
What is the tens digit of 16489?
8
What is the thousands digit of 10393?
0
What is the units digit of 8565?
5
What is the tens digit of 10703?
0
What is the hundreds digit of 17147?
1
What is the tens digit of 6695?
9
What is the ten thousands digit of 97167?
9
What is the hundreds digit of 1381?
3
What is the hundreds digit of 14451?
4
What is the tens digit of 473?
7
What is the thousands digit of 25624?
5
What is the hundreds digit of 22322?
3
What is the thousands digit of 13203?
3
What is the thousands digit of 2286?
2
What is the units digit of 37600?
0
What is the tens digit of 2490?
9
What is the units digit of 22652?
2
What is the hundreds digit of 1457?
4
What is the thousands digit of 3185?
3
What is the tens digit of 51064?
6
What is the thousands digit of 1208?
1
What is the units digit of 47542?
2
What is the thousands digit of 13662?
3
What is the tens digit of 2234?
3
What is the units digit of 3986?
6
What is the units digit of 37925?
5
What is the tens digit of 5307?
0
What is the hundreds digit of 973?
9
What is the units digit of 5157?
7
What is the units digit of 10220?
0
What is the units digit of 4487?
7
What is the units digit of 3018?
8
What is the units digit of 509?
9
What is the thousands digit of 22480?
2
What is the tens digit of 406?
0
What is the units digit of 34597?
7
What is the thousands digit of 2734?
2
What is the tens digit of 1536?
3
What is the hundreds digit of 56389?
3
What is the hundreds digit of 1280?
2
What is the units digit of 1708?
8
What is the tens digit of 1751?
5
What is the hundreds digit of 2000?
0
What is the tens digit of 22564?
6
What is the tens digit of 155915?
1
What is the units digit of 1447?
7
What is the ten thousands digit of 10697?
1
What is the tens digit of 404?
0
What is the tens digit of 33825?
2
What is the units digit of 18765?
5
What is the units digit of 11780?
0
What is the tens digit of 16?
1
What is the hundreds digit of 3116?
1
What is the thousands digit of 2300?
2
What is the tens digit of 8579?
7
What is the thousands digit of 1067?
1
What is the units digit of 1244?
4
What is the units digit of 8217?
7
What is the hundred thousands digit of 117498?
1
What is the hundreds digit of 2736?
7
What is the tens digit of 6466?
6
What is the hundreds digit of 2111?
1
What is the tens digit of 1835?
3
What is the hundreds digit of 135?
1
What is the hundreds digit of 1104?
1
What is the ten thousands digit of 25796?
2
What is the thousands digit of 5651?
5
What is the hundreds digit of 558?
5
What is the hundreds digit of 237?
2
What is the thousands digit of 1126?
1
What is the tens digit of 4085?
8
What is the thousands digit of 4586?
4
What is the thousands digit of 6616?
6
What is the units digit of 330?
0
What is the thousands digit of 8077?
8
What is the hundred thousands digit of 127551?
1
What is the ten thousands digit of 10306?
1
What is the hundreds digit of 6127?
1
What is the hundreds digit of 1111?
1
What is the units digit of 22876?
6
What is the tens digit of 6946?
4
What is the units digit of 90525?
5
What is the hundreds digit of 4841?
8
What is the ten thousands digit of 21009?
2
What is the units digit of 792?
2
What is the hundreds digit of 1174?
1
What is the hundreds digit of 8216?
2
What is the tens digit of 37973?
7
What is the tens digit of 1035?
3
What is the units digit of 77520?
0
What is the units digit of 2079?
9
What is the units digit of 3586?
6
What is the tens digit of 57050?
5
What is the thousands digit of 4184?
4
What is the thousands digit of 13214?
3
What is the hundreds digit of 11573?
5
What 